{"id":66658,"date":"2018-01-30T10:59:22","date_gmt":"2018-01-30T09:59:22","guid":{"rendered":"https:\/\/www.manetti.com\/?page_id=66658"},"modified":"2024-04-08T14:40:15","modified_gmt":"2024-04-08T12:40:15","slug":"bellas-artes","status":"publish","type":"page","link":"https:\/\/www.manetti.com\/es\/sobre-nosotros\/linea-bellas-artes-perspectivas\/","title":{"rendered":"L\u00ednea Bellas Artes"},"content":{"rendered":"<p>En 2022, presentamos nuestra <strong>L\u00ednea de Bellas Artes<\/strong>, dise\u00f1ada espec\u00edficamente para permitir a las tiendas de arte ofrecer una gama completa de productos para dorar en las cantidades ideales para un p\u00fablico objetivo que incluye estudiantes, aficionados y profesionales.<\/p>\n<p>Esta l\u00ednea de productos ha sido desarrollada para ser <strong>clara y simple<\/strong>. Cada fase del dorado est\u00e1 identificada por un color espec\u00edfico, con el fin de facilitar la comprensi\u00f3n de las diversas t\u00e9cnicas. Cada color incluye una amplia selecci\u00f3n de productos para la fase espec\u00edfica que representa: desde el dorado al agua hasta el dorado al aceite, pasando por el acabado y la protecci\u00f3n.<\/p>\n<p>La l\u00ednea tambi\u00e9n incluye un <strong>expositor dedicado<\/strong> que ayuda a las tiendas a mostrar los productos de manera organizada y atractiva. Cada expositor est\u00e1 equipado con una paleta de colores para mostrar las diferentes tonalidades met\u00e1licas de imitaci\u00f3n y folletos para entregar a los usuarios finales, permiti\u00e9ndoles profundizar en el mundo del dorado. Bajo petici\u00f3n, tambi\u00e9n se pueden obtener paneles de escaparate y vinilos para una presentaci\u00f3n en tienda a\u00fan m\u00e1s atractiva.<\/p>\n","protected":false},"excerpt":{"rendered":"<p>En 2022, presentamos nuestra L\u00ednea de Bellas Artes, dise\u00f1ada espec\u00edficamente para permitir a las tiendas de arte ofrecer una gama completa de productos para dorar en las cantidades ideales para un p\u00fablico objetivo que incluye estudiantes, aficionados y profesionales. Esta l\u00ednea de productos ha sido desarrollada para ser clara y simple. Cada fase del dorado [&#8230;]<\/p>\n<p><a class=\"btn btn-secondary understrap-read-more-link\" href=\"https:\/\/www.manetti.com\/es\/sobre-nosotros\/linea-bellas-artes-perspectivas\/\">Leer m\u00e1s&#8230;<\/a><\/p>\n","protected":false},"author":359,"featured_media":72681,"parent":68109,"menu_order":0,"comment_status":"closed","ping_status":"closed","template":"page-templates\/catalogo-bellearti-template.php","meta":{"_acf_changed":false,"footnotes":""},"class_list":["post-66658","page","type-page","status-publish","has-post-thumbnail","hentry"],"acf":[],"yoast_head":"<!-- This site is optimized with the Yoast SEO plugin v26.5 - https:\/\/yoast.com\/wordpress\/plugins\/seo\/ -->\n<title>L\u00ednea Bellas Artes | Giusto Manetti Battiloro<\/title>\n<meta name=\"robots\" content=\"index, follow, max-snippet:-1, max-image-preview:large, max-video-preview:-1\" \/>\n<link rel=\"canonical\" href=\"https:\/\/www.manetti.com\/es\/sobre-nosotros\/linea-bellas-artes-perspectivas\/\" \/>\n<meta property=\"og:locale\" content=\"es_ES\" \/>\n<meta property=\"og:type\" content=\"article\" \/>\n<meta property=\"og:title\" content=\"L\u00ednea Bellas Artes | Giusto Manetti Battiloro\" \/>\n<meta property=\"og:description\" content=\"En 2022, presentamos nuestra L\u00ednea de Bellas Artes, dise\u00f1ada espec\u00edficamente para permitir a las tiendas de arte ofrecer una gama completa de productos para dorar en las cantidades ideales para un p\u00fablico objetivo que incluye estudiantes, aficionados y profesionales. Esta l\u00ednea de productos ha sido desarrollada para ser clara y simple. Cada fase del dorado [...]Leer m\u00e1s...\" \/>\n<meta property=\"og:url\" content=\"https:\/\/www.manetti.com\/es\/sobre-nosotros\/linea-bellas-artes-perspectivas\/\" \/>\n<meta property=\"og:site_name\" content=\"Giusto Manetti Battiloro\" \/>\n<meta property=\"article:publisher\" content=\"https:\/\/www.facebook.com\/giustomanettibattiloro\" \/>\n<meta property=\"article:modified_time\" content=\"2024-04-08T12:40:15+00:00\" \/>\n<meta property=\"og:image\" content=\"https:\/\/www.manetti.com\/wp-content\/uploads\/2024\/02\/DSC00089-allungata_giustomanettibattiloro-scaled.jpg\" \/>\n\t<meta property=\"og:image:width\" content=\"2560\" \/>\n\t<meta property=\"og:image:height\" content=\"1067\" \/>\n\t<meta property=\"og:image:type\" content=\"image\/jpeg\" \/>\n<meta name=\"twitter:card\" content=\"summary_large_image\" \/>\n<meta name=\"twitter:label1\" content=\"Tiempo de lectura\" \/>\n\t<meta name=\"twitter:data1\" content=\"1 minuto\" \/>\n<script type=\"application\/ld+json\" class=\"yoast-schema-graph\">{\"@context\":\"https:\/\/schema.org\",\"@graph\":[{\"@type\":\"WebPage\",\"@id\":\"https:\/\/www.manetti.com\/es\/sobre-nosotros\/linea-bellas-artes-perspectivas\/\",\"url\":\"https:\/\/www.manetti.com\/es\/sobre-nosotros\/linea-bellas-artes-perspectivas\/\",\"name\":\"L\u00ednea Bellas Artes | Giusto Manetti Battiloro\",\"isPartOf\":{\"@id\":\"https:\/\/www.manetti.com\/es\/#website\"},\"primaryImageOfPage\":{\"@id\":\"https:\/\/www.manetti.com\/es\/sobre-nosotros\/linea-bellas-artes-perspectivas\/#primaryimage\"},\"image\":{\"@id\":\"https:\/\/www.manetti.com\/es\/sobre-nosotros\/linea-bellas-artes-perspectivas\/#primaryimage\"},\"thumbnailUrl\":\"https:\/\/www.manetti.com\/wp-content\/uploads\/2024\/02\/DSC00089-allungata_giustomanettibattiloro-scaled.jpg\",\"datePublished\":\"2018-01-30T09:59:22+00:00\",\"dateModified\":\"2024-04-08T12:40:15+00:00\",\"inLanguage\":\"es\",\"potentialAction\":[{\"@type\":\"ReadAction\",\"target\":[\"https:\/\/www.manetti.com\/es\/sobre-nosotros\/linea-bellas-artes-perspectivas\/\"]}]},{\"@type\":\"ImageObject\",\"inLanguage\":\"es\",\"@id\":\"https:\/\/www.manetti.com\/es\/sobre-nosotros\/linea-bellas-artes-perspectivas\/#primaryimage\",\"url\":\"https:\/\/www.manetti.com\/wp-content\/uploads\/2024\/02\/DSC00089-allungata_giustomanettibattiloro-scaled.jpg\",\"contentUrl\":\"https:\/\/www.manetti.com\/wp-content\/uploads\/2024\/02\/DSC00089-allungata_giustomanettibattiloro-scaled.jpg\",\"width\":2560,\"height\":1067},{\"@type\":\"WebSite\",\"@id\":\"https:\/\/www.manetti.com\/es\/#website\",\"url\":\"https:\/\/www.manetti.com\/es\/\",\"name\":\"Giusto Manetti Battiloro\",\"description\":\"\",\"publisher\":{\"@id\":\"https:\/\/www.manetti.com\/es\/#organization\"},\"potentialAction\":[{\"@type\":\"SearchAction\",\"target\":{\"@type\":\"EntryPoint\",\"urlTemplate\":\"https:\/\/www.manetti.com\/es\/?s={search_term_string}\"},\"query-input\":{\"@type\":\"PropertyValueSpecification\",\"valueRequired\":true,\"valueName\":\"search_term_string\"}}],\"inLanguage\":\"es\"},{\"@type\":\"Organization\",\"@id\":\"https:\/\/www.manetti.com\/es\/#organization\",\"name\":\"GIUSTO MANETTI BATTILORO S.P.A.\",\"url\":\"https:\/\/www.manetti.com\/es\/\",\"logo\":{\"@type\":\"ImageObject\",\"inLanguage\":\"es\",\"@id\":\"https:\/\/www.manetti.com\/es\/#\/schema\/logo\/image\/\",\"url\":\"https:\/\/www.manetti.com\/wp-content\/uploads\/2025\/02\/giusto-manetti-blu_300-02.png\",\"contentUrl\":\"https:\/\/www.manetti.com\/wp-content\/uploads\/2025\/02\/giusto-manetti-blu_300-02.png\",\"width\":1123,\"height\":1093,\"caption\":\"GIUSTO MANETTI BATTILORO S.P.A.\"},\"image\":{\"@id\":\"https:\/\/www.manetti.com\/es\/#\/schema\/logo\/image\/\"},\"sameAs\":[\"https:\/\/www.facebook.com\/giustomanettibattiloro\",\"https:\/\/www.instagram.com\/giustomanettibattiloro\/\",\"https:\/\/www.linkedin.com\/company\/giusto-manetti-battiloro-s-p-a-\/\",\"https:\/\/www.youtube.com\/user\/ManettiBattiloro\"]}]}<\/script>\n<!-- \/ Yoast SEO plugin. -->","yoast_head_json":{"title":"L\u00ednea Bellas Artes | Giusto Manetti Battiloro","robots":{"index":"index","follow":"follow","max-snippet":"max-snippet:-1","max-image-preview":"max-image-preview:large","max-video-preview":"max-video-preview:-1"},"canonical":"https:\/\/www.manetti.com\/es\/sobre-nosotros\/linea-bellas-artes-perspectivas\/","og_locale":"es_ES","og_type":"article","og_title":"L\u00ednea Bellas Artes | Giusto Manetti Battiloro","og_description":"En 2022, presentamos nuestra L\u00ednea de Bellas Artes, dise\u00f1ada espec\u00edficamente para permitir a las tiendas de arte ofrecer una gama completa de productos para dorar en las cantidades ideales para un p\u00fablico objetivo que incluye estudiantes, aficionados y profesionales. Esta l\u00ednea de productos ha sido desarrollada para ser clara y simple. Cada fase del dorado [...]Leer m\u00e1s...","og_url":"https:\/\/www.manetti.com\/es\/sobre-nosotros\/linea-bellas-artes-perspectivas\/","og_site_name":"Giusto Manetti Battiloro","article_publisher":"https:\/\/www.facebook.com\/giustomanettibattiloro","article_modified_time":"2024-04-08T12:40:15+00:00","og_image":[{"width":2560,"height":1067,"url":"https:\/\/www.manetti.com\/wp-content\/uploads\/2024\/02\/DSC00089-allungata_giustomanettibattiloro-scaled.jpg","type":"image\/jpeg"}],"twitter_card":"summary_large_image","twitter_misc":{"Tiempo de lectura":"1 minuto"},"schema":{"@context":"https:\/\/schema.org","@graph":[{"@type":"WebPage","@id":"https:\/\/www.manetti.com\/es\/sobre-nosotros\/linea-bellas-artes-perspectivas\/","url":"https:\/\/www.manetti.com\/es\/sobre-nosotros\/linea-bellas-artes-perspectivas\/","name":"L\u00ednea Bellas Artes | Giusto Manetti Battiloro","isPartOf":{"@id":"https:\/\/www.manetti.com\/es\/#website"},"primaryImageOfPage":{"@id":"https:\/\/www.manetti.com\/es\/sobre-nosotros\/linea-bellas-artes-perspectivas\/#primaryimage"},"image":{"@id":"https:\/\/www.manetti.com\/es\/sobre-nosotros\/linea-bellas-artes-perspectivas\/#primaryimage"},"thumbnailUrl":"https:\/\/www.manetti.com\/wp-content\/uploads\/2024\/02\/DSC00089-allungata_giustomanettibattiloro-scaled.jpg","datePublished":"2018-01-30T09:59:22+00:00","dateModified":"2024-04-08T12:40:15+00:00","inLanguage":"es","potentialAction":[{"@type":"ReadAction","target":["https:\/\/www.manetti.com\/es\/sobre-nosotros\/linea-bellas-artes-perspectivas\/"]}]},{"@type":"ImageObject","inLanguage":"es","@id":"https:\/\/www.manetti.com\/es\/sobre-nosotros\/linea-bellas-artes-perspectivas\/#primaryimage","url":"https:\/\/www.manetti.com\/wp-content\/uploads\/2024\/02\/DSC00089-allungata_giustomanettibattiloro-scaled.jpg","contentUrl":"https:\/\/www.manetti.com\/wp-content\/uploads\/2024\/02\/DSC00089-allungata_giustomanettibattiloro-scaled.jpg","width":2560,"height":1067},{"@type":"WebSite","@id":"https:\/\/www.manetti.com\/es\/#website","url":"https:\/\/www.manetti.com\/es\/","name":"Giusto Manetti Battiloro","description":"","publisher":{"@id":"https:\/\/www.manetti.com\/es\/#organization"},"potentialAction":[{"@type":"SearchAction","target":{"@type":"EntryPoint","urlTemplate":"https:\/\/www.manetti.com\/es\/?s={search_term_string}"},"query-input":{"@type":"PropertyValueSpecification","valueRequired":true,"valueName":"search_term_string"}}],"inLanguage":"es"},{"@type":"Organization","@id":"https:\/\/www.manetti.com\/es\/#organization","name":"GIUSTO MANETTI BATTILORO S.P.A.","url":"https:\/\/www.manetti.com\/es\/","logo":{"@type":"ImageObject","inLanguage":"es","@id":"https:\/\/www.manetti.com\/es\/#\/schema\/logo\/image\/","url":"https:\/\/www.manetti.com\/wp-content\/uploads\/2025\/02\/giusto-manetti-blu_300-02.png","contentUrl":"https:\/\/www.manetti.com\/wp-content\/uploads\/2025\/02\/giusto-manetti-blu_300-02.png","width":1123,"height":1093,"caption":"GIUSTO MANETTI BATTILORO S.P.A."},"image":{"@id":"https:\/\/www.manetti.com\/es\/#\/schema\/logo\/image\/"},"sameAs":["https:\/\/www.facebook.com\/giustomanettibattiloro","https:\/\/www.instagram.com\/giustomanettibattiloro\/","https:\/\/www.linkedin.com\/company\/giusto-manetti-battiloro-s-p-a-\/","https:\/\/www.youtube.com\/user\/ManettiBattiloro"]}]}},"_links":{"self":[{"href":"https:\/\/www.manetti.com\/es\/wp-json\/wp\/v2\/pages\/66658","targetHints":{"allow":["GET"]}}],"collection":[{"href":"https:\/\/www.manetti.com\/es\/wp-json\/wp\/v2\/pages"}],"about":[{"href":"https:\/\/www.manetti.com\/es\/wp-json\/wp\/v2\/types\/page"}],"author":[{"embeddable":true,"href":"https:\/\/www.manetti.com\/es\/wp-json\/wp\/v2\/users\/359"}],"replies":[{"embeddable":true,"href":"https:\/\/www.manetti.com\/es\/wp-json\/wp\/v2\/comments?post=66658"}],"version-history":[{"count":0,"href":"https:\/\/www.manetti.com\/es\/wp-json\/wp\/v2\/pages\/66658\/revisions"}],"up":[{"embeddable":true,"href":"https:\/\/www.manetti.com\/es\/wp-json\/wp\/v2\/pages\/68109"}],"wp:featuredmedia":[{"embeddable":true,"href":"https:\/\/www.manetti.com\/es\/wp-json\/wp\/v2\/media\/72681"}],"wp:attachment":[{"href":"https:\/\/www.manetti.com\/es\/wp-json\/wp\/v2\/media?parent=66658"}],"curies":[{"name":"wp","href":"https:\/\/api.w.org\/{rel}","templated":true}]}}

Línea Bellas Artes

<p>En 2022, presentamos nuestra <strong>Línea de Bellas Artes</strong>, diseñada específicamente para permitir a las tiendas de arte ofrecer una gama completa de productos para dorar en las cantidades ideales para un público objetivo que incluye estudiantes, aficionados y profesionales.</p>
<p>Esta línea de productos ha sido desarrollada para ser <strong>clara y simple</strong>. Cada fase del dorado está identificada por un color específico, con el fin de facilitar la comprensión de las diversas técnicas. Cada color incluye una amplia selección de productos para la fase específica que representa: desde el dorado al agua hasta el dorado al aceite, pasando por el acabado y la protección.</p>
<p>La línea también incluye un <strong>expositor dedicado</strong> que ayuda a las tiendas a mostrar los productos de manera organizada y atractiva. Cada expositor está equipado con una paleta de colores para mostrar las diferentes tonalidades metálicas de imitación y folletos para entregar a los usuarios finales, permitiéndoles profundizar en el mundo del dorado. Bajo petición, también se pueden obtener paneles de escaparate y vinilos para una presentación en tienda aún más atractiva.</p>

<p>En 2022, presentamos nuestra Línea de Bellas Artes, diseñada específicamente para permitir a las tiendas de arte ofrecer una gama completa de productos para dorar en las cantidades ideales para un público objetivo que incluye estudiantes, aficionados y profesionales. Esta línea de productos ha sido desarrollada para ser clara y simple. Cada fase del dorado [&#8230;]</p>
<p><a class="btn btn-secondary understrap-read-more-link" href="https://www.manetti.com/es/sobre-nosotros/linea-bellas-artes-perspectivas/">Leer más&#8230;</a></p>

<!-- This site is optimized with the Yoast SEO plugin v26.5 - https://yoast.com/wordpress/plugins/seo/ -->
<title>Línea Bellas Artes | Giusto Manetti Battiloro</title>
<meta name="robots" content="index, follow, max-snippet:-1, max-image-preview:large, max-video-preview:-1" />
<link rel="canonical" href="https://www.manetti.com/es/sobre-nosotros/linea-bellas-artes-perspectivas/" />
<meta property="og:locale" content="es_ES" />
<meta property="og:type" content="article" />
<meta property="og:title" content="Línea Bellas Artes | Giusto Manetti Battiloro" />
<meta property="og:description" content="En 2022, presentamos nuestra Línea de Bellas Artes, diseñada específicamente para permitir a las tiendas de arte ofrecer una gama completa de productos para dorar en las cantidades ideales para un público objetivo que incluye estudiantes, aficionados y profesionales. Esta línea de productos ha sido desarrollada para ser clara y simple. Cada fase del dorado [...]Leer más..." />
<meta property="og:url" content="https://www.manetti.com/es/sobre-nosotros/linea-bellas-artes-perspectivas/" />
<meta property="og:site_name" content="Giusto Manetti Battiloro" />
<meta property="article:publisher" content="https://www.facebook.com/giustomanettibattiloro" />
<meta property="article:modified_time" content="2024-04-08T12:40:15+00:00" />
<meta property="og:image" content="https://www.manetti.com/wp-content/uploads/2024/02/DSC00089-allungata_giustomanettibattiloro-scaled.jpg" />
	<meta property="og:image:width" content="2560" />
	<meta property="og:image:height" content="1067" />
	<meta property="og:image:type" content="image/jpeg" />
<meta name="twitter:card" content="summary_large_image" />
<meta name="twitter:label1" content="Tiempo de lectura" />
	<meta name="twitter:data1" content="1 minuto" />
<script type="application/ld+json" class="yoast-schema-graph">{"@context":"https://schema.org","@graph":[{"@type":"WebPage","@id":"https://www.manetti.com/es/sobre-nosotros/linea-bellas-artes-perspectivas/","url":"https://www.manetti.com/es/sobre-nosotros/linea-bellas-artes-perspectivas/","name":"Línea Bellas Artes | Giusto Manetti Battiloro","isPartOf":{"@id":"https://www.manetti.com/es/#website"},"primaryImageOfPage":{"@id":"https://www.manetti.com/es/sobre-nosotros/linea-bellas-artes-perspectivas/#primaryimage"},"image":{"@id":"https://www.manetti.com/es/sobre-nosotros/linea-bellas-artes-perspectivas/#primaryimage"},"thumbnailUrl":"https://www.manetti.com/wp-content/uploads/2024/02/DSC00089-allungata_giustomanettibattiloro-scaled.jpg","datePublished":"2018-01-30T09:59:22+00:00","dateModified":"2024-04-08T12:40:15+00:00","inLanguage":"es","potentialAction":[{"@type":"ReadAction","target":["https://www.manetti.com/es/sobre-nosotros/linea-bellas-artes-perspectivas/"]}]},{"@type":"ImageObject","inLanguage":"es","@id":"https://www.manetti.com/es/sobre-nosotros/linea-bellas-artes-perspectivas/#primaryimage","url":"https://www.manetti.com/wp-content/uploads/2024/02/DSC00089-allungata_giustomanettibattiloro-scaled.jpg","contentUrl":"https://www.manetti.com/wp-content/uploads/2024/02/DSC00089-allungata_giustomanettibattiloro-scaled.jpg","width":2560,"height":1067},{"@type":"WebSite","@id":"https://www.manetti.com/es/#website","url":"https://www.manetti.com/es/","name":"Giusto Manetti Battiloro","description":"","publisher":{"@id":"https://www.manetti.com/es/#organization"},"potentialAction":[{"@type":"SearchAction","target":{"@type":"EntryPoint","urlTemplate":"https://www.manetti.com/es/?s={search_term_string}"},"query-input":{"@type":"PropertyValueSpecification","valueRequired":true,"valueName":"search_term_string"}}],"inLanguage":"es"},{"@type":"Organization","@id":"https://www.manetti.com/es/#organization","name":"GIUSTO MANETTI BATTILORO S.P.A.","url":"https://www.manetti.com/es/","logo":{"@type":"ImageObject","inLanguage":"es","@id":"https://www.manetti.com/es/#/schema/logo/image/","url":"https://www.manetti.com/wp-content/uploads/2025/02/giusto-manetti-blu_300-02.png","contentUrl":"https://www.manetti.com/wp-content/uploads/2025/02/giusto-manetti-blu_300-02.png","width":1123,"height":1093,"caption":"GIUSTO MANETTI BATTILORO S.P.A."},"image":{"@id":"https://www.manetti.com/es/#/schema/logo/image/"},"sameAs":["https://www.facebook.com/giustomanettibattiloro","https://www.instagram.com/giustomanettibattiloro/","https://www.linkedin.com/company/giusto-manetti-battiloro-s-p-a-/","https://www.youtube.com/user/ManettiBattiloro"]}]}</script>
<!-- / Yoast SEO plugin. -->

Línea Bellas Artes | Giusto Manetti Battiloro

En 2022, presentamos nuestra Línea de Bellas Artes, diseñada específicamente para permitir a las tiendas de arte ofrecer una gama completa de productos para dorar en las cantidades ideales para un público objetivo que incluye estudiantes, aficionados y profesionales. Esta línea de productos ha sido desarrollada para ser clara y simple. Cada fase del dorado [...]Leer más...
